*a = -7*a + r. Suppose a*n - 13 = n - 5*j, 14 = n + 4*j. What is h(n)?
7
Let x be (-11)/((-33)/(-18)) - -8. Let a(u) = 3*u**2 + u. Calculate a(x).
14
Let w(m) = -m**2 - m + 66. Suppose 8*s + 16 = 16. Give w(s).
66
Let t(n) be the first derivative of -3*n**4/4 + n**3/3 + 2*n + 247. Give t(2).
-18
Let k(j) = j - 4. Let i(c) = -8*c - 26. Let n be i(-3). Calculate k(n).
-6
Let s(c) = c**2 - 6*c - 3. Let b(v) = 1 - 6 - 9*v + 3 + 3*v + v**2. Let z(r) = 7*b(r) - 6*s(r). Suppose 2 - 44 = -7*h. Calculate z(h).
4
Suppose 2*d - d = -z - 1, -z + 5*d = -23. Let w(v) be the second derivative of 1/3*v**3 - 1/4*v**4 + 1/20*v**5 - 2*v**2 + v + 0. Give w(z).
2
Let u be 3/4*2/(-2)*-8. Let w(i) be the third derivative of i**5/60 - 5*i**4/24 - 5*i**3/6 - 2*i**2. What is w(u)?
1
Let q(u) be the first derivative of u**2 + 2*u + 1. Suppose 3*y - 12 = 2*y. Let z = 14 - y. Give q(z).
6
Let h be 2 + -2 + (-1 - -1). Let k(a) = 3*a**2 + a - 11. Let r(l) = 7*l**2 + 2*l - 24. Let i(w) = -9*k(w) + 4*r(w). Give i(h).
3
Let u be (-1 + -1)*30/(-20). Let m(q) = 2*q**3 - 3*q**3 + 410*q**2 + u*q - 407*q**2. What is m(3)?
9
Let v(f) = -f**3 - 25*f**2 + 25*f - 20. Let z be v(-26). Let g(l) be the second derivative of -l**5/20 + 7*l**4/12 - 5*l**3/6 - 7*l**2/2 + l. Calculate g(z).
-1
Let h(f) = 2*f - 29. Suppose 432 - 3 = 33*j. Determine h(j).
-3
Let l(r) be the first derivative of -1/2*r**2 - 6 + 1/3*r**3 + 3/4*r**4 + r. What is l(1)?
4
Let h(l) = l**3 - 6*l**2 - l + 7. Let w = -30 + 40. Let s(j) = 5*j - 44. Let n be s(w). Determine h(n).
1
Let n(i) = i**3 + 3*i**2 - i + 2. Let k be 2 + 10*(-1 + 2). Let y = k + -15. Calculate n(y).
5
Let t(l) = -l + 5 + 0*l + 11*l - 9 - 4*l. Determine t(-4).
-28
Let k(u) be the first derivative of -u**4/4 - 4*u**3 - u**2 - 13*u + 1. Let p be k(-12). Let b = p + -17. Let t(w) = w**2 + 6*w - 2. Determine t(b).
-2
Let y(f) = 20*f + 41. Let o be y(-2). Let g(b) = -4*b**2 + 3*b - 2. What is g(o)?
-3
Let j(r) = -r**2 + r - 5. Let n = -36 + 31. Let m(w) = w**2 + 4*w - 5. Let b be m(n). What is j(b)?
-5
Let i be (-5 + (0 - 1)*-3)*-3. Let s be (15/i)/(-5)*4/(-2). Let x(z) be the third derivative of -5*z**4/12 + z**3/6 + z**2. What is x(s)?
-9
Let g(s) = -s**2 + 7*s. Let r = -33 - -39. Give g(r).
6
Let j(u) be the third derivative of 30*u**2 + 0*u - 1/6*u**4 - 1/2*u**3 + 0. Determine j(-2).
5
Suppose 4*k + s = 21, -s - 17 = -5*k - 2. Let q(i) = 0*i + k*i + 8 - 5*i. What is q(6)?
2
Let p(c) = -3*c + 1. Let a be 35/21*6/5. Calculate p(a).
-5
Let f(n) = -n**3 - 6*n**2 + 3*n - 1. Let z be (-132)/30 - 4/(-10). Determine f(z).
-45
Suppose 0 = 5*g - 2*r - 26, 9*g + 28 = 14*g - r. Let o(b) be the second derivative of -b**5/20 + 5*b**4/12 + 4*b**3/3 + b**2/2 - 8*b. Give o(g).
13
Let v(q) be the first derivative of -q**3/3 + 5*q**2/2 + 2*q + 25. Determine v(5).
2
Let r(x) = -4*x**2 - 4*x - 3. Let k = 7 - 5. Let n(z) = 0*z**k + 12*z - z**2 + 10 + 13*z**2 - 1. Let a(t) = -4*n(t) - 11*r(t). Give a(-2).
-11
Let r(h) = 5*h**2 - 12 + 54*h + 0*h**2 + 4*h**3 - 52*h + 2*h**3. Let o(b) = 5*b**2 - 6 + 7*b**3 - 7 + 6*b - 4*b. Let n(m) = -5*o(m) + 6*r(m). Give n(-5).
-17
Let a(d) = d**3 - 7*d**2 + 5*d + 14. Let g be a(6). Suppose 18*i + g + 28 = 0. Let v(o) = o**3 + 5*o**2 + 4*o + 3. Determine v(i).
7
Suppose -16 + 4 = -3*q. Let x = q - 7. Let c(u) = 8*u - u**3 + 8*u - 3 - 19*u + 4 - 4*u**2. Calculate c(x).
1
Let d(x) be the second derivative of 5*x**3/6 + 3*x**2/2 - 4*x + 8. Determine d(-4).
-17
Let z(w) = -w**3 + 24*w**2 - 5. Suppose 5*y - 4*y - 2*s = 22, -2*s + 2 = 0. Determine z(y).
-5
Let k(w) be the second derivative of w**5/20 + w**4/6 + w**3/3 - w**2/2 - w + 5. Calculate k(0).
-1
Let b(m) = 4*m - 23. Let r be b(7). Let l(n) = 293 + 9*n**2 - 289 + n**3 - 2*n - 3*n**2 - 2*n**3. Calculate l(r).
19
Let m(u) = 5*u**3 + u. Suppose 0 = t + 2*n - 38, 3*t = 2*t + 3*n + 13. Let o = t - 28. Suppose 5*k - k + 2 = 2*a, k - a + 2 = o. Calculate m(k).
6
Let n(r) be the third derivative of -r**4/24 - 5*r**3/3 + 4*r**2. What is n(-7)?
-3
Let a(b) = -b**3 + 12*b**2 + 3*b - 4. Let t be a(12). Let f be 1*(t/4 - 2). Let q(i) = -2*i + 4. Calculate q(f).
-8
Suppose -9 + 5 = -b. Suppose 1 - b = 3*l. Let z(h) = -h + 10*h**2 - 1 - 3*h**2 + 1. What is z(l)?
8
Let s(c) = 1 + c**2 - 4*c - 5*c - 4*c + 12*c. Let o(d) = -4*d**2 + 10*d - 6. Let v(l) = -o(l) - 6*s(l). Give v(-3).
-6
Let a(i) = -i**2 - 11*i - 4. Let w be a(-4). Suppose w*x + 15 = 19*x. Let m(u) be the first derivative of u**3/3 + u**2/2 + 3*u - 1. What is m(x)?
9
Let x = 1549 - 1542. Let j(s) be the third derivative of -s**4/24 + s**3/3 + s**2. What is j(x)?
-5
Suppose -51 - 13 = 2*a. Let c = 31 + a. Let z(r) = -r**3 + 2*r**2 - 1. Calculate z(c).
2
Let o(f) = f**3 + 5*f**2 + 3*f - 7. Suppose -46 = -3*y - 58. What is o(y)?
-3
Let y(p) = -2*p**3 + 6*p**2 - 11*p - 2. Let v be y(0). Let b(a) = 2*a**2 + 3 - a**2 - a**3 + 2*a**2 + 2*a. Determine b(v).
19
Suppose 0 = 39*l - 366 + 1029. Let u(t) = t + 17. Calculate u(l).
0
Suppose -18 = -5*a - 3. Suppose 3*x = -a*z - z + 26, 4*z - x = 18. Let q(l) = -l**2 + 6*l + 2. Calculate q(z).
7
Suppose a - 42 = 5*j, 0*a = -a - 2*j + 49. Let f = 40 - a. Let i(m) be the first derivative of -m**2/2 - 16*m + 1. Determine i(f).
-9
Let r(c) = c + 1. Let j(q) be the first derivative of -q**3/3 - 5*q**2/2 - 5*q + 14. Let t(b) = -2*j(b) - 11*r(b). Let h = 2 + 0. Determine t(h).
5
Let k(c) = c**2 + 3*c - 7. Let q(n) = 2*n**2 + 8*n - 13. Let r(p) = 5*k(p) - 2*q(p). Calculate r(0).
-9
Suppose 0 = 3*q - 8 + 2. Let w(g) be the third derivative of g**5/120 + g**4/24 - 7*g**3/6 + g**2. Let b(l) be the first derivative of w(l). Give b(q).
3
Let d(k) = -k + 11. Let u(o) = o**2 + 5*o - 12. Let b be u(-10). Let t = b + -30. Determine d(t).
3
Let b(g) = -7*g**3 + 5*g**2 + 6*g - 5. Let t(q) = -q**2 + 57*q + 51*q + 1 + q**3 - 109*q. Let l(i) = -b(i) - 6*t(i). Give l(0).
-1
Let v be -26 - -20 - (-1)/1. Let b(s) = 2*s**2 + 4*s - 2. Calculate b(v).
28
Let q be (1 - 0)/(3/186). Let i be 2/(-10) - q/(-10). Let r(x) = x**2 - 7*x - 6. Determine r(i).
-12
Let h be (-33)/22*110/33. Let t(a) = -2*a - 16. Determine t(h).
-6
Suppose 53*v = -35*v - 176. Let l(s) = -4 + 3*s**2 - 2*s**2 - 3*s**2 + 3. Calculate l(v).
-9
Let z(j) = -j**2 + 8*j + 11. Let d be (16/(-3))/(24/(-36)). Determine z(d).
11
Let v(o) = -12*o. Let k be (-12)/16*(-16)/6. Suppose -k + 1 = w. What is v(w)?
12
Let x(v) = -6*v - 13. Suppose 0 = -4*k + 6*k - 5*m - 15, 5 = -5*m. Let d(r) = -5*r - 12. Let y(f) = k*d(f) - 4*x(f). Let s be 0 - (9*2)/3. Calculate y(s).
-2
Let u(f) = -78*f + 51. Let m(l) = 33*l - 25. Let d(i) = -7*m(i) - 3*u(i). Determine d(-14).
-20
Let q be (-60)/50*-10*1/(-2). Let n(z) = z - 6. Determine n(q).
-12
Let x(b) = -5*b. Let q = -17 - -23. Let i(r) be the second derivative of r**4/12 - 5*r**3/6 - 7*r**2/2 + r. Let g be i(q). Determine x(g).
5
Let y(v) = -1. Let t(q) = -2*q**2 - 6. Let d(w) = -t(w) + 6*y(w). Suppose 2*x = 4*r - 6, 0 = x + 3*r - 2. Give d(x).
2
Suppose 25 = 18*c + 7. Let t(m) = -m**3 + m**2 + 1. Let h(r) = 4*r**3 - 4*r**2 + 2*r - 9. Let l(y) = c*h(y) + 5*t(y). What is l(2)?
-4
Suppose -18 = -4*w - 2*g, -4*w - 5*g + 1 = -14. Suppose -1 = -r, w*r + 2 - 5 = u. Suppose 0 = -f - u*f. Let i(b) = -b**2 + 8. Determine i(f).
8
Let x(n) = -7*n + 1. Let z(f) = 1 + 3*f - 4*f + 0. Let q be z(-2). Suppose -4*m = -q*r + 2*r - 8, 4*r = -4*m - 12. Give x(m).
-6
Let n(y) = -y**2 + 1. Let l(i) = 5*i**2 - 11*i - 19. Let o(c) = l(c) + 6*n(c). Suppose -2*d - v = 16, 71*d - 67*d + 5*v + 26 = 0. Give o(d).
5
Suppose 5*k - k = -5*i - 22, -2*i = -3*k + 18. Let d(s) be the first derivative of -1/2*s**2 - 2*s**3 - 3 - 1/4*s**4 - 3*s. Determine d(i).
3
Let b = 23 - 8. Suppose -p + b = 2*p. Let q(v) = 0*v - 6*v - 3 - v + v**2 + 0*v**2 + 8. Determine q(p).
-5
Let g be (0 + -5)*416/260. Let w(f) = 5*f**2 - 10*f - 1. Let k(u) = -11*u**2 + 20*u + 3. Let o(t) = 6*k(t) + 13*w(t). Give o(g).
21
Let r be 28/63 + 150/27. Let u(z) = -3*z + 3*z + 3*z - 7. Calculate u(r).
11
Let t(o) = -3*o**3 - o**2 + 1. Suppose 0 = 2*w + 4*k - 10 - 0, 4*w = -5*k + 20. Suppose 0 = -r - 4*r - w. What is t(r)?
3
Let x(f) = 16*f**2 + 28*f - 28. Let p(u) = 3*u**2 + 5*u - 5. Let s(i) = 28*p(i) - 5*x(i). Suppose 7*a = 6 - 13. Give s(a).
4
Let j(y) = 6 - 10*y**2 - 14 + 5*y**2 + y**3 - 4*y. Give j(6).
4
